r of 2802387 and 21?
21
What is the greatest common factor of 437 and 3629?
19
Calculate the greatest common divisor of 50 and 17650.
50
What is the highest common divisor of 932590 and 100?
10
What is the highest common factor of 247095 and 24?
3
Calculate the greatest common factor of 1024 and 400.
16
What is the highest common factor of 105676 and 87?
29
What is the greatest common divisor of 1068 and 129762?
534
What is the greatest common divisor of 54035 and 13589?
107
Calculate the highest common factor of 45 and 15735.
15
What is the greatest common divisor of 5155 and 5?
5
What is the greatest common divisor of 1224 and 5652?
36
What is the highest common divisor of 667 and 193867?
23
What is the greatest common divisor of 72 and 566514?
18
Calculate the greatest common divisor of 176969 and 39.
13
Calculate the greatest common divisor of 40297 and 1888.
59
Calculate the highest common factor of 375968 and 1895.
379
Calculate the highest common factor of 9 and 109827.
9
What is the highest common factor of 12400 and 4805?
155
Calculate the greatest common divisor of 675 and 1658925.
225
Calculate the highest common factor of 2022 and 1842.
6
What is the greatest common factor of 114 and 874779?
57
Calculate the highest common factor of 39433 and 188.
47
Calculate the highest common factor of 33441 and 21939.
213
Calculate the greatest common divisor of 3542 and 36575.
77
What is the highest common factor of 404 and 27169?
101
Calculate the highest common divisor of 271565 and 280.
35
What is the highest common factor of 721098 and 590?
118
What is the highest common factor of 3 and 157?
1
Calculate the greatest common divisor of 288761 and 319.
11
Calculate the greatest common divisor of 3775 and 4077.
151
Calculate the highest common divisor of 26065 and 5.
5
What is the greatest common factor of 384721 and 72197?
989
Calculate the greatest common divisor of 94932 and 81.
81
Calculate the highest common factor of 85368 and 24.
24
Calculate the highest common divisor of 2618 and 21714.
154
Calculate the highest common factor of 33350 and 51175.
575
What is the highest common factor of 320 and 12520?
40
What is the greatest common factor of 26820 and 333?
9
What is the greatest common divisor of 2178 and 130614?
66
Calculate the highest common factor of 120 and 580.
20
Calculate the highest common factor of 1521 and 143.
13
Calculate the greatest common factor of 939 and 8583.
3
What is the highest common factor of 6 and 93384?
6
Calculate the greatest common factor of 60 and 29430.
30
Calculate the greatest common divisor of 3519 and 82314.
153
What is the greatest common factor of 1145 and 135?
5
What is the highest common divisor of 42920 and 110260?
740
Calculate the highest common divisor of 1422792 and 12096.
1512
What is the highest common divisor of 1326171 and 231?
231
What is the greatest common factor of 3256 and 8712?
88
Calculate the greatest common factor of 81825 and 75.
75
What is the highest common divisor of 740611 and 1132?
283
What is the greatest common divisor of 376 and 20398?
94
Calculate the highest common divisor of 5 and 9403775.
5
Calculate the highest common divisor of 9552969 and 18.
9
Calculate the highest common factor of 14484 and 16.
4
What is the highest common factor of 46 and 8625?
23
Calculate the highest common divisor of 51250 and 7750.
250
Calculate the greatest common factor of 11 and 4247.
1
Calculate the greatest common divisor of 90 and 2270.
10
What is the greatest common factor of 74711 and 1642?
821
What is the highest common factor of 20616 and 1560?
24
Calculate the greatest common divisor of 613183 and 14409.
1601
Calculate the highest common factor of 5096 and 661752.
728
What is the highest common divisor of 9 and 571749?
3
Calculate the highest common divisor of 162614 and 2.
2
Calculate the highest common factor of 28 and 1382507.
7
What is the greatest common divisor of 52 and 6539?
13
Calculate the greatest common divisor of 80 and 2001260.
20
Calculate the highest common divisor of 1808 and 5311.
113
What is the greatest common divisor of 3704 and 7688?
8
Calculate the greatest common divisor of 2968 and 2408.
56
Calculate the greatest common divisor of 86 and 40.
2
What is the greatest common factor of 1558872 and 392?
56
What is the greatest common divisor of 433 and 13423?
433
What is the greatest common divisor of 1893 and 1405868?
631
Calculate the highest common factor of 591005 and 27455.
1445
Calculate the highest common divisor of 387 and 118809.
387
What is the greatest common factor of 16 and 471568?
16
Calculate the greatest common factor of 324 and 701892.
108
Calculate the greatest common divisor of 210 and 3850.
70
What is the highest common factor of 2150 and 39000?
50
What is the greatest common factor of 2976952 and 88?
88
Calculate the highest common divisor of 91643 and 226.
113
Calculate the greatest common factor of 102444 and 894.
6
What is the greatest common divisor of 9 and 1155591?
9
What is the highest common divisor of 2 and 15838?
2
What is the highest common divisor of 16744 and 1248?
104
What is the highest common factor of 6438590 and 30?
10
Calculate the greatest common factor of 6552 and 1624.
56
What is the greatest common divisor of 8178 and 957?
87
What is the highest common factor of 82993 and 6109?
149
What is the greatest common divisor of 3297 and 3?
3
What is the greatest common factor of 447020 and 11935?
1085
What is the highest common factor of 38255 and 5?
5
Calculate the greatest common divisor of 22 and 61193.
11
Calculate the greatest common factor of 9765 and 62.
31
Calculate the greatest common divisor of 2350823 and 124.
31
Calculate the greatest common factor of 38076 and 27816.
228
What is the highest common factor of 8579 and 92?
23
Calculate the greatest common divisor of 2936 and 80373.
367
What is the greatest common factor of 5894 and 434?
14
Calculate the highest common factor of 12 and 6457428.
12
What is the greatest common divisor of 4336 and 20336?
16
What is the highest common factor of 258336 and 69?
69
What is the greatest common factor of 5081272 and 224?
56
What is the highest common factor of 18473 and 1508?
377
Calculate the greatest common factor of 18051 and 132.
33
What is the greatest common factor of 24779 and 71?
71
Calculate the greatest common divisor of 705 and 45355.
235
Calculate the greatest common divisor of 238 and 7546.
14
What is the greatest common divisor of 256710 and 3870?
1290
Calculate the greatest common factor of 942400 and 1760.
160
What is the highest common divisor of 1212 and 43026?
606
Calculate the greatest common factor of 116 and 67.
1
What is the highest common factor of 173799 and 54?
27
What is the highest common divisor of 189 and 353511?
27
Calculate the greatest common factor of 23 and 20513677.
23
Calculate the highest common factor of 6026 and 53448.
262
What is the highest common divisor of 96 and 1878?
6
What is the highest common factor of 59912 and 16?
8
Calculate the greatest common factor of 4 and 347394.
2
What is the highest common divisor of 337585 and 535?
535
Calculate the highest common factor of 229104 and 52.
4
What is the greatest common divisor of 105 and 200865?
105
What is the greatest common factor of 179456 and 192?
64
What is the greatest common factor of 6330 and 48810?
30
What is the greatest common factor of 234 and 238914?
234
Calculate the highest common factor of 198 and 1926.
18
What is the highest common factor of 576 and 7974?
18
Calculate the greatest common divisor of 31641 and 1272.
159
Calculate the highest common factor of 2378 and 290.
58
Calculate the highest common divisor of 114215 and 11395.
265
Calculate the greatest common factor of 8 and 409944.
8
What is the greatest common divisor of 693 and 504?
63
What is the highest common factor of 672 and 7728?
336
Calculate the greatest common factor of 42416 and 1446.
482
What is the greatest common divisor of 583479 and 741?
39
Calculate the greatest common divisor of 31 and 1395775.
31
What is the highest common divisor of 5243 and 56?
7
Calculate the greatest common factor of 294 and 175128.
6
What is the highest common factor of 103 and 11879?
1
What is the highest common fac